6345 a multiple of 15?
True
Is 92 a factor of 1004378?
False
Is 596 a factor of 450493752?
True
Does 25 divide 112512014?
False
Does 784 divide 19759155?
False
Is 47 a factor of 3939777914?
True
Is 90970650 a multiple of 225?
True
Is 26165247 a multiple of 43?
False
Does 1244 divide 141021084?
True
Is 20256624 a multiple of 164?
True
Is 143362048 a multiple of 2048?
True
Is 396327437 a multiple of 869?
True
Is 43852377 a multiple of 438?
False
Does 2274 divide 402245597?
False
Does 9 divide 17761446?
True
Does 39 divide 78691603?
False
Is 16 a factor of 87332497?
False
Is 6 a factor of 24747996?
True
Does 169 divide 265076162?
True
Is 12 a factor of 980610?
False
Is 6026590 a multiple of 410?
True
Does 21 divide 89852297?
False
Does 334 divide 436609810?
True
Is 111 a factor of 889824739?
False
Is 2496140 a multiple of 5?
True
Is 63 a factor of 7155861936?
False
Is 28246392 a multiple of 92?
True
Is 1326999 a multiple of 19?
False
Is 11 a factor of 283581551?
True
Is 1798012521 a multiple of 547?
True
Is 3 a factor of 3358586?
False
Does 1017 divide 83670187?
False
Is 909 a factor of 64990773?
True
Does 8 divide 21188279?
False
Is 229505649 even?
False
Does 162 divide 40397130?
True
Does 9549 divide 73535608?
False
Is 38 a factor of 269696716?
True
Is 3 a factor of 72478845?
True
Is 2122305750 a multiple of 1125?
True
Is 76227260 a multiple of 20?
True
Does 4 divide 3367679?
False
Is 385337600 even?
True
Is 1157 a factor of 392572414?
True
Does 177 divide 165681027?
True
Does 563 divide 3130280?
True
Is 101 a factor of 56642113?
True
Is 1220 a factor of 178052024?
False
Is 2829025 a multiple of 250?
False
Is 5 a factor of 49180925?
True
Does 6 divide 2674899291?
False
Is 67437292 a multiple of 3?
False
Is 737 a factor of 37045243?
False
Is 71785984 a multiple of 24?
False
Is 15650281 a multiple of 59?
True
Does 157 divide 2869881732?
False
Is 425 a factor of 2582300?
True
Is 30481392 a multiple of 145?
False
Is 236476363 a multiple of 29?
False
Is 94758794 a multiple of 149?
False
Is 314867961 a multiple of 279?
True
Is 311 a factor of 1209386633?
True
Does 18 divide 26414434?
False
Is 18 a factor of 11833776?
True
Is 184 a factor of 172049137?
False
Is 177 a factor of 1084145413?
False
Does 5 divide 43499645?
True
Is 49 a factor of 10632363?
True
Is 84030909 a multiple of 28?
False
Does 40 divide 57269120?
True
Is 49359579 a multiple of 318?
False
Is 50 a factor of 4771222?
False
Is 37258675 a multiple of 603?
False
Is 20 a factor of 4545480?
True
Is 1227 a factor of 13019697?
True
Is 106748466 a multiple of 66?
True
Is 288 a factor of 514136736?
True
Is 208 a factor of 164633872?
True
Is 85 a factor of 54751050?
True
Is 11847655 a multiple of 163?
True
Is 407700579 a multiple of 2651?
False
Is 100 a factor of 104088500?
True
Is 434 a factor of 46602052?
True
Is 159797948 a multiple of 13?
False
Is 13 a factor of 123306260?
False
Is 1018 a factor of 224614967?
False
Is 34530424 a multiple of 13?
False
Is 16 a factor of 3042656?
True
Does 1272 divide 70462076?
False
Does 4 divide 236432768?
True
Does 583 divide 233200?
True
Is 13762099 a multiple of 80?
False
Is 6834275 a multiple of 49?
True
Is 1997373279 a multiple of 3435?
False
Is 716 a factor of 29811376?
True
Does 1225 divide 5471116?
False
Is 1219054708 a multiple of 298?
False
Is 153 a factor of 1752627153?
False
Does 487 divide 29497103?
True
Is 97981555 a multiple of 2039?
False
Does 13 divide 833629897?
False
Does 1985 divide 32689603?
False
Does 8 divide 24505557?
False
Is 57 a factor of 554009049?
True
Does 75 divide 369233475?
True
Is 1924981852 a multiple of 34?
False
Is 67235040 a multiple of 11?
False
Is 5296907 even?
False
Is 63 a factor of 10159561?
False
Does 9 divide 653484690?
True
Is 428 a factor of 28392331?
False
Is 499033385 a multiple of 9?
False
Does 114 divide 32253108?
True
Is 311406150 a multiple of 1738?
True
Does 53 divide 134257056?
True
Does 109 divide 2213165354?
False
Does 10 divide 47002840?
True
Is 313 a factor of 1154503110?
False
Does 37 divide 36316192?
False
Does 181 divide 26378969?
False
Is 50 a factor of 47076400?
True
Does 29 divide 2631436271?
False
Is 335 a factor of 13647481?
False
Is 313 a factor of 180275793?
True
Is 24140799 a multiple of 297?
False
Is 1278 a factor of 63474426?
True
Is 657668335 a multiple of 889?
False
Is 73653396 a multiple of 1559?
True
Is 309317965 a multiple of 407?
True
Does 237 divide 10780301?
False
Does 12 divide 11774172?
True
Is 639047860 a multiple of 39?
False
Is 32 a factor of 9379840?
True
Is 66988987 a multiple of 4?
False
Is 16 a factor of 22657936?
True
Does 15 divide 133965270?
True
Does 6 divide 1097436?
True
Does 3838 divide 80751818?
False
Is 1310 a factor of 136571916?
False
Is 1175 a factor of 2034493117?
False
Is 13231837 a multiple of 116?
False
Does 63 divide 16136946?
True
Does 389 divide 121866309?
True
Is 6152025 a multiple of 10?
False
Is 115470995 a multiple of 877?
False
Is 181338924 a multiple of 3?
True
Is 32199470 a multiple of 30?
False
Is 17888676 a multiple of 78?
True
Is 79 a factor of 1851798820?
False
Is 11652090 a multiple of 6?
True
Is 15 a factor of 8452380?
True
Is 78193919 a multiple of 2?
False
Does 566 divide 130979437?
False
Does 3295 divide 248500639?
False
Is 41266948 a multiple of 470?
False
Is 4600975606 a multiple of 94?
True
Does 2780 divide 25612140?
True
Is 59 a factor of 3004368972?
True
Does 13 divide 1039514393?
False
Is 169 a factor of 87487432?
False
Does 6 divide 32568090?
True
Is 281 a factor of 36888837?
True
Does 330 divide 332974950?
True
Does 1459 divide 129095669?
False
Does 22 divide 26060606?
True
Is 129777714 a multiple of 281?
False
Does 9095 divide 154533145?
True
Is 954850916 a multiple of 634?
True
Is 57 a factor of 1551783794?
False
Is 3 a factor of 868525?
False
Does 222 divide 21074391?
False
Does 131 divide 31104784?
False
Does 1490 divide 837898775?
False
Is 29 a factor of 45860833?
False
Does 10 divide 503828760?
True
Is 5810 a factor of 3354544034?
False
Is 425 a factor of 34081714?
False
Is 157 a factor of 1392700827?
False
Does 150 divide 20103308?
False
Is 25943344 a multiple of 392?
True
Is 436632070 a multiple of 35?
True
Is 496 a factor of 23447194?
False
Is 575005433 a multiple of 44?
False
Is 312 a factor of 82502807?
False
Does 125 divide 5514424297?
False
Is 2309 a factor of 289013194?
False
Is 672 a factor of 852415200?
True
Is 269185440 a multiple of 8?
True
Is 25126157 a multiple of 3?
False
Is 3473540013 a multiple of 31?
False
Is 644 a factor of 21922108?
False
Does 45 divide 54190525?
False
Is 318554844 a multiple of 716?
True
Is 1000384112 a multiple of 16?
True
Does 34 divide 111161368?
True
Is 105 a factor of 5129835?
False
Is 599836864 a multiple of 64?
True
Is 913028094 a multiple of 198?
True
Does 4248 divide 5404275864?
True
Is 41 a factor of 121781521?
True
Does 1143 divide 177950241?
True
Does 362 divide 168464211?
False
Does 4 divide 25273778?
False
Does 225 divide 2981332575?
True
Is 485917544 a multiple of 43?
True
Does 2 divide 11429109?
False
Is 3121211649 a multiple of 550?
False
Does 2098 divide 239970293?
False
Does 81 divide 15561072?
True
Is 923244 a multiple of 6?
True
Is 12 a factor of 298890258?
False
Is 50759229 a multiple of 397?
True
Is 279201141 a multiple of 9?
True
Is 14235597 a multiple of 69?
True
Is 246483957 a multiple of 87?
False
Is 42 a factor of 38736348?
True
Is 154 a factor of 13239908?
False
Does 11 divide 20293933?
True
Does 1842 divide 21020904?
True
Is 212 a factor of 58343036?
True
Does 590 divide 17603237?
False
Is 22780649 a multiple of 1295?
False
Is 287 a factor of 64370656?
True
Does 27 divide 119410821?
True
Is 2 a factor of 177197096?
True
Is 1381005536 a multiple of 4702?
False
Does 375 divide 2597188875?
True
Does 11 divide 3703098718?
True
Is 13031009 a multiple of 5?
False
Is 259377243 a multiple of 3062?
False
Is 24627581 a multiple of 4093?
True
Does 176 divide 17239290?
False
Does 1156 divide 1348939465?
False
Is 13 a factor of 3697652192?
True
Is 1197110292 a multiple of 7204?
True
Is 13221035 a multiple of 5?
True
Is 399473016 a multiple of 12?
True
Is 115038716 a multiple of 137?
False
Is 46 a factor of 30302522?
False
Does 379 divide 63466776?
False
Is 10459055